[INFO] cloning repository https://github.com/Phaiax/accesstest
[INFO] running `Command { std: "git" "-c" "credential.helper=" "-c" "credential.helper=/workspace/cargo-home/bin/git-credential-null" "clone" "--bare" "https://github.com/Phaiax/accesstest" "/workspace/cache/git-repos/https%3A%2F%2Fgithub.com%2FPhaiax%2Faccesstest", kill_on_drop: false }`
[INFO] [stderr] Cloning into bare repository '/workspace/cache/git-repos/https%3A%2F%2Fgithub.com%2FPhaiax%2Faccesstest'...
[INFO] running `Command { std: "git" "rev-parse" "HEAD", kill_on_drop: false }`
[INFO] [stdout] e4b5bce3b11d28faf906c4ab4627f63938662b32
[INFO] checking Phaiax/accesstest against master#af3c6e733a40e671550e0f0f5aeecaa13772ba56 for pr-74989
[INFO] running `Command { std: "git" "clone" "/workspace/cache/git-repos/https%3A%2F%2Fgithub.com%2FPhaiax%2Faccesstest" "/workspace/builds/worker-4/source", kill_on_drop: false }`
[INFO] [stderr] Cloning into '/workspace/builds/worker-4/source'...
[INFO] [stderr] done.
[INFO] validating manifest of git repo https://github.com/Phaiax/accesstest on toolchain af3c6e733a40e671550e0f0f5aeecaa13772ba56
[INFO] running `Command { std: "/workspace/cargo-home/bin/cargo" "+af3c6e733a40e671550e0f0f5aeecaa13772ba56" "read-manifest" "--manifest-path" "Cargo.toml", kill_on_drop: false }`
[INFO] started tweaking git repo https://github.com/Phaiax/accesstest
[INFO] finished tweaking git repo https://github.com/Phaiax/accesstest
[INFO] tweaked toml for git repo https://github.com/Phaiax/accesstest written to /workspace/builds/worker-4/source/Cargo.toml
[INFO] crate git repo https://github.com/Phaiax/accesstest already has a lockfile, it will not be regenerated
[INFO] running `Command { std: "/workspace/cargo-home/bin/cargo" "+af3c6e733a40e671550e0f0f5aeecaa13772ba56" "fetch" "--locked" "--manifest-path" "Cargo.toml", kill_on_drop: false }`
[INFO] running `Command { std: "docker" "create" "-v" "/var/lib/crater-agent-workspace/builds/worker-4/target:/opt/rustwide/target:rw,Z" "-v" "/var/lib/crater-agent-workspace/builds/worker-4/source:/opt/rustwide/workdir:ro,Z" "-v" "/var/lib/crater-agent-workspace/cargo-home:/opt/rustwide/cargo-home:ro,Z" "-v" "/var/lib/crater-agent-workspace/rustup-home:/opt/rustwide/rustup-home:ro,Z" "-e" "SOURCE_DIR=/opt/rustwide/workdir" "-e" "CARGO_TARGET_DIR=/opt/rustwide/target" "-e" "CARGO_HOME=/opt/rustwide/cargo-home" "-e" "RUSTUP_HOME=/opt/rustwide/rustup-home" "-w" "/opt/rustwide/workdir" "-m" "1610612736" "--user" "0:0" "--network" "none" "rustops/crates-build-env@sha256:d92eaeed33fa75130ca1ee6c8a01d1ffb62bac859dfdfb3450e3e5d1c0146529" "/opt/rustwide/cargo-home/bin/cargo" "+af3c6e733a40e671550e0f0f5aeecaa13772ba56" "metadata" "--no-deps" "--format-version=1", kill_on_drop: false }`
[INFO] [stdout] 507d7910f5fbc2f9446ec3c281df92e827a75411ce331b0c32b4de5ee95f0d07
[INFO] [stderr] WARNING: Your kernel does not support swap limit capabilities or the cgroup is not mounted. Memory limited without swap.
[INFO] running `Command { std: "docker" "start" "-a" "507d7910f5fbc2f9446ec3c281df92e827a75411ce331b0c32b4de5ee95f0d07", kill_on_drop: false }`
[INFO] running `Command { std: "docker" "inspect" "507d7910f5fbc2f9446ec3c281df92e827a75411ce331b0c32b4de5ee95f0d07", kill_on_drop: false }`
[INFO] running `Command { std: "docker" "rm" "-f" "507d7910f5fbc2f9446ec3c281df92e827a75411ce331b0c32b4de5ee95f0d07", kill_on_drop: false }`
[INFO] [stdout] 507d7910f5fbc2f9446ec3c281df92e827a75411ce331b0c32b4de5ee95f0d07
[INFO] running `Command { std: "docker" "create" "-v" "/var/lib/crater-agent-workspace/builds/worker-4/target:/opt/rustwide/target:rw,Z" "-v" "/var/lib/crater-agent-workspace/builds/worker-4/source:/opt/rustwide/workdir:ro,Z" "-v" "/var/lib/crater-agent-workspace/cargo-home:/opt/rustwide/cargo-home:ro,Z" "-v" "/var/lib/crater-agent-workspace/rustup-home:/opt/rustwide/rustup-home:ro,Z" "-e" "SOURCE_DIR=/opt/rustwide/workdir" "-e" "CARGO_TARGET_DIR=/opt/rustwide/target" "-e" "CARGO_INCREMENTAL=0" "-e" "RUST_BACKTRACE=full" "-e" "RUSTFLAGS=--cap-lints=forbid" "-e" "CARGO_HOME=/opt/rustwide/cargo-home" "-e" "RUSTUP_HOME=/opt/rustwide/rustup-home" "-w" "/opt/rustwide/workdir" "-m" "1610612736" "--user" "0:0" "--network" "none" "rustops/crates-build-env@sha256:d92eaeed33fa75130ca1ee6c8a01d1ffb62bac859dfdfb3450e3e5d1c0146529" "/opt/rustwide/cargo-home/bin/cargo" "+af3c6e733a40e671550e0f0f5aeecaa13772ba56" "check" "--frozen" "--all" "--all-targets" "--message-format=json", kill_on_drop: false }`
[INFO] [stdout] 7c0aea19f171338e20c45670f6b8848a74ce863728e2dcfd7b701c9c9f46d2c4
[INFO] [stderr] WARNING: Your kernel does not support swap limit capabilities or the cgroup is not mounted. Memory limited without swap.
[INFO] running `Command { std: "docker" "start" "-a" "7c0aea19f171338e20c45670f6b8848a74ce863728e2dcfd7b701c9c9f46d2c4", kill_on_drop: false }`
[INFO] [stderr]    Compiling libc v0.2.53
[INFO] [stderr]    Compiling syn v0.15.33
[INFO] [stderr]    Compiling cc v1.0.36
[INFO] [stderr]    Compiling unicode-segmentation v1.2.1
[INFO] [stderr]    Compiling rayon-core v1.4.1
[INFO] [stderr]     Checking ansi_term v0.11.0
[INFO] [stderr]     Checking strsim v0.8.0
[INFO] [stderr]    Compiling byteorder v1.3.1
[INFO] [stderr]     Checking termcolor v1.0.4
[INFO] [stderr]     Checking byte-tools v0.3.1
[INFO] [stderr]    Compiling rayon v1.0.3
[INFO] [stderr]     Checking either v1.5.2
[INFO] [stderr]     Checking opaque-debug v0.2.2
[INFO] [stderr]     Checking fake-simd v0.1.2
[INFO] [stderr]     Checking log v0.4.6
[INFO] [stderr]     Checking crossbeam-utils v0.2.2
[INFO] [stderr]    Compiling backtrace v0.3.15
[INFO] [stderr]     Checking textwrap v0.11.0
[INFO] [stderr]     Checking humantime v1.2.0
[INFO] [stderr]     Checking crossbeam-channel v0.3.8
[INFO] [stderr]     Checking block-padding v0.1.4
[INFO] [stderr]     Checking bstr v0.1.2
[INFO] [stderr]     Checking generic-array v0.12.0
[INFO] [stderr]     Checking regex v1.1.6
[INFO] [stderr]     Checking crossbeam-epoch v0.3.1
[INFO] [stderr]    Compiling heck v0.3.1
[INFO] [stderr]     Checking digest v0.8.0
[INFO] [stderr]     Checking crossbeam-deque v0.2.0
[INFO] [stderr]     Checking block-buffer v0.7.3
[INFO] [stderr]     Checking sha-1 v0.8.1
[INFO] [stderr]    Compiling backtrace-sys v0.1.28
[INFO] [stderr]     Checking atty v0.2.11
[INFO] [stderr]     Checking num_cpus v1.10.0
[INFO] [stderr]     Checking globset v0.4.3
[INFO] [stderr]     Checking clap v2.33.0
[INFO] [stderr]     Checking env_logger v0.5.13
[INFO] [stderr]     Checking ignore v0.4.7
[INFO] [stderr]     Checking globwalk v0.3.1
[INFO] [stderr]    Compiling synstructure v0.10.1
[INFO] [stderr]    Compiling failure_derive v0.1.5
[INFO] [stderr]    Compiling structopt-derive v0.2.15
[INFO] [stderr]    Compiling serde_derive v1.0.90
[INFO] [stderr]     Checking failure v0.1.5
[INFO] [stderr]     Checking exitfailure v0.5.1
[INFO] [stderr]     Checking structopt v0.2.15
[INFO] [stderr]     Checking clap-verbosity-flag v0.2.0
[INFO] [stderr]     Checking quicli v0.4.0
[INFO] [stderr]     Checking accesstest v0.1.0 (/opt/rustwide/workdir)
[INFO] [stdout] error[E0433]: failed to resolve: could not find `windows` in `os`
[INFO] [stdout]   --> src/fileinfo.rs:37:22
[INFO] [stdout]    |
[INFO] [stdout] 37 |         use std::os::windows::ffi::OsStrExt;
[INFO] [stdout]    |                      ^^^^^^^ could not find `windows` in `os`
[INFO] [stdout] 
[INFO] [stdout] 
[INFO] [stdout] error[E0433]: failed to resolve: could not find `windows` in `os`
[INFO] [stdout]   --> src/fileinfo.rs:37:22
[INFO] [stdout]    |
[INFO] [stdout] 37 |         use std::os::windows::ffi::OsStrExt;
[INFO] [stdout]    |                      ^^^^^^^ could not find `windows` in `os`
[INFO] [stdout] 
[INFO] [stdout] 
[INFO] [stdout] error[E0433]: failed to resolve: could not find `windows` in `os`
[INFO] [stdout]    --> src/fileinfo.rs:105:26
[INFO] [stdout]     |
[INFO] [stdout] 105 |             use std::os::windows::ffi::OsStringExt;
[INFO] [stdout]     |                          ^^^^^^^ could not find `windows` in `os`
[INFO] [stdout] 
[INFO] [stdout] 
[INFO] [stdout] error[E0433]: failed to resolve: could not find `windows` in `os`
[INFO] [stdout]    --> src/main.rs:100:22
[INFO] [stdout]     |
[INFO] [stdout] 100 |         use std::os::windows::ffi::OsStrExt;
[INFO] [stdout]     |                      ^^^^^^^ could not find `windows` in `os`
[INFO] [stdout] 
[INFO] [stdout] 
[INFO] [stdout] error[E0433]: failed to resolve: could not find `windows` in `os`
[INFO] [stdout]    --> src/main.rs:113:22
[INFO] [stdout]     |
[INFO] [stdout] 113 |         use std::os::windows::ffi::OsStringExt;
[INFO] [stdout]     |                      ^^^^^^^ could not find `windows` in `os`
[INFO] [stdout] 
[INFO] [stdout] 
[INFO] [stdout] error[E0433]: failed to resolve: could not find `windows` in `os`
[INFO] [stdout]    --> src/fileinfo.rs:105:26
[INFO] [stdout]     |
[INFO] [stdout] 105 |             use std::os::windows::ffi::OsStringExt;
[INFO] [stdout]     |                          ^^^^^^^ could not find `windows` in `os`
[INFO] [stdout] 
[INFO] [stdout] 
[INFO] [stdout] error[E0433]: failed to resolve: could not find `windows` in `os`
[INFO] [stdout]    --> src/main.rs:100:22
[INFO] [stdout]     |
[INFO] [stdout] 100 |         use std::os::windows::ffi::OsStrExt;
[INFO] [stdout]     |                      ^^^^^^^ could not find `windows` in `os`
[INFO] [stdout] 
[INFO] [stdout] 
[INFO] [stdout] error[E0433]: failed to resolve: could not find `windows` in `os`
[INFO] [stdout]    --> src/main.rs:113:22
[INFO] [stdout]     |
[INFO] [stdout] 113 |         use std::os::windows::ffi::OsStringExt;
[INFO] [stdout]     |                      ^^^^^^^ could not find `windows` in `os`
[INFO] [stdout] 
[INFO] [stdout] 
[INFO] [stdout] error[E0433]: failed to resolve: could not find `windows` in `os`
[INFO] [stdout]    --> src/fileinfo.rs:192:18
[INFO] [stdout]     |
[INFO] [stdout] 192 |     use std::os::windows::ffi::OsStringExt;
[INFO] [stdout]     |                  ^^^^^^^ could not find `windows` in `os`
[INFO] [stdout] 
[INFO] [stdout] 
[INFO] [stdout] error[E0599]: no method named `encode_wide` found for reference `&OsStr` in the current scope
[INFO] [stdout]    --> src/main.rs:101:35
[INFO] [stdout]     |
[INFO] [stdout] 101 |         for c in path.as_os_str().encode_wide() {
[INFO] [stdout]     |                                   ^^^^^^^^^^^ method not found in `&OsStr`
[INFO] [stdout] 
[INFO] [stdout] 
[INFO] [stdout] error[E0599]: no method named `encode_wide` found for reference `&OsStr` in the current scope
[INFO] [stdout]    --> src/main.rs:101:35
[INFO] [stdout]     |
[INFO] [stdout] 101 |         for c in path.as_os_str().encode_wide() {
[INFO] [stdout]     |                                   ^^^^^^^^^^^ method not found in `&OsStr`
[INFO] [stdout] 
[INFO] [stdout] 
[INFO] [stdout] error[E0599]: no function or associated item named `from_wide` found for struct `OsString` in the current scope
[INFO] [stdout]    --> src/main.rs:119:31
[INFO] [stdout]     |
[INFO] [stdout] 119 |             let c = OsString::from_wide(&[k][..]);
[INFO] [stdout]     |                               ^^^^^^^^^ function or associated item not found in `OsString`
[INFO] [stdout] 
[INFO] [stdout] 
[INFO] [stdout] error[E0599]: no function or associated item named `from_wide` found for struct `OsString` in the current scope
[INFO] [stdout]    --> src/main.rs:119:31
[INFO] [stdout]     |
[INFO] [stdout] 119 |             let c = OsString::from_wide(&[k][..]);
[INFO] [stdout]     |                               ^^^^^^^^^ function or associated item not found in `OsString`
[INFO] [stdout] 
[INFO] [stdout] 
[INFO] [stdout] error[E0599]: no method named `encode_wide` found for reference `&OsStr` in the current scope
[INFO] [stdout]   --> src/fileinfo.rs:38:47
[INFO] [stdout]    |
[INFO] [stdout] 38 |         let pathutf16 = self.path.as_os_str().encode_wide();
[INFO] [stdout]    |                                               ^^^^^^^^^^^ method not found in `&OsStr`
[INFO] [stdout] 
[INFO] [stdout] 
[INFO] [stdout] error[E0599]: no method named `encode_wide` found for reference `&OsStr` in the current scope
[INFO] [stdout]   --> src/fileinfo.rs:38:47
[INFO] [stdout]    |
[INFO] [stdout] 38 |         let pathutf16 = self.path.as_os_str().encode_wide();
[INFO] [stdout]    |                                               ^^^^^^^^^^^ method not found in `&OsStr`
[INFO] [stdout] 
[INFO] [stdout] 
[INFO] [stdout] error[E0599]: no function or associated item named `from_wide` found for struct `OsString` in the current scope
[INFO] [stdout]    --> src/fileinfo.rs:106:44
[INFO] [stdout]     |
[INFO] [stdout] 106 |             let path = std::ffi::OsString::from_wide(&buf);
[INFO] [stdout]     |                                            ^^^^^^^^^ function or associated item not found in `OsString`
[INFO] [stdout] 
[INFO] [stdout] 
[INFO] [stdout] error[E0599]: no function or associated item named `from_wide` found for struct `OsString` in the current scope
[INFO] [stdout]    --> src/fileinfo.rs:106:44
[INFO] [stdout]     |
[INFO] [stdout] 106 |             let path = std::ffi::OsString::from_wide(&buf);
[INFO] [stdout]     |                                            ^^^^^^^^^ function or associated item not found in `OsString`
[INFO] [stdout] 
[INFO] [stdout] 
[INFO] [stdout] error[E0599]: no function or associated item named `from_wide` found for struct `OsString` in the current scope
[INFO] [stdout]    --> src/fileinfo.rs:193:48
[INFO] [stdout]     |
[INFO] [stdout] 193 |     f.path = PathBuf::from(std::ffi::OsString::from_wide(&[
[INFO] [stdout]     |                                                ^^^^^^^^^ function or associated item not found in `OsString`
[INFO] [stdout] 
[INFO] [stdout] 
[INFO] [stdout] error: aborting due to 8 previous errors
[INFO] [stdout] 
[INFO] [stdout] 
[INFO] [stderr] error: could not compile `accesstest`.
[INFO] [stdout] Some errors have detailed explanations: E0433, E0599.
[INFO] [stdout] 
[INFO] [stderr] 
[INFO] [stdout] For more information about an error, try `rustc --explain E0433`.
[INFO] [stdout] 
[INFO] [stderr] To learn more, run the command again with --verbose.
[INFO] [stderr] warning: build failed, waiting for other jobs to finish...
[INFO] [stdout] error: aborting due to 10 previous errors
[INFO] [stdout] 
[INFO] [stdout] 
[INFO] [stdout] Some errors have detailed explanations: E0433, E0599.
[INFO] [stdout] 
[INFO] [stdout] For more information about an error, try `rustc --explain E0433`.
[INFO] [stdout] 
[INFO] [stderr] error: build failed
[INFO] running `Command { std: "docker" "inspect" "7c0aea19f171338e20c45670f6b8848a74ce863728e2dcfd7b701c9c9f46d2c4", kill_on_drop: false }`
[INFO] running `Command { std: "docker" "rm" "-f" "7c0aea19f171338e20c45670f6b8848a74ce863728e2dcfd7b701c9c9f46d2c4", kill_on_drop: false }`
[INFO] [stdout] 7c0aea19f171338e20c45670f6b8848a74ce863728e2dcfd7b701c9c9f46d2c4
